 a(-6).
-6
Let r(k) = -k**3 + 21*k**2 + 23*k - 4. Give r(22).
18
Let z(y) = -y**3 - 5*y**2 + y - 5. Give z(-6).
25
Let b(f) = -4*f**2 - 36*f + 7. Calculate b(-9).
7
Let g(y) = 7*y**3 + 2*y + 1. Calculate g(-1).
-8
Let j(t) = 17*t - 18. Calculate j(6).
84
Let r(w) = 4*w + 17. Give r(-7).
-11
Let o(p) = -2*p**3 - 9*p**2 + 7*p + 2. Determine o(-5).
-8
Let g(q) = q - 1. Determine g(-5).
-6
Let w(s) = 6*s + 86. What is w(-14)?
2
Let j(f) = f**3 + 5*f**2 - 3*f - 3. Give j(-6).
-21
Let q(p) = p**2 + 5*p + 6. Calculate q(-4).
2
Let h(j) = -99*j + 582. What is h(6)?
-12
Let b(u) = u**3 + 2*u**2 - 39*u - 96. Calculate b(-6).
-6
Let q(a) = -4*a + 74. Calculate q(16).
10
Let h(b) = -b**3 - 6*b**2 - 4*b + 5. Give h(-4).
-11
Let w(m) = -13*m + 54. Give w(8).
-50
Let x(n) = n**3 + 3*n**2 + n - 10. Give x(-3).
-13
Let k(b) = 2*b**2 - 106*b - 103. Determine k(54).
5
Let x(s) = 20*s + 53. Determine x(-7).
-87
Let g(n) = -5*n**2 - 4*n + 4. What is g(-2)?
-8
Let y(m) = -7*m + 35. What is y(5)?
0
Let s(b) = b**2 + 8*b - 9. Give s(-9).
0
Let c(j) = -j**2 + 34*j + 194. Give c(-5).
-1
Let m(v) = -v**3 - 2*v + 1. Give m(3).
-32
Let h(m) = -m**2 - 27*m - 38. Calculate h(-24).
34
Let o(d) = -d**2 + 17*d + 10. Give o(12).
70
Let j(n) = -n. Determine j(12).
-12
Let l(q) = -q**2 - 1. Give l(6).
-37
Let h(c) = 20*c**3 - c**2. Calculate h(1).
19
Let t(l) = l - 5. Give t(0).
-5
Let f(v) = v**2 - 7*v + 5. Calculate f(2).
-5
Let x(g) = g**3 + 4*g**2 - g + 4. Give x(0).
4
Let q(x) = x**3 - 8*x**2 + 7*x - 6. What is q(3)?
-30
Let d(x) = -x + 3. Calculate d(1).
2
Let x(b) = -11*b**2 - b + 1. Determine x(1).
-11
Let r(j) = 4*j + 35. Determine r(-8).
3
Let m(l) = -l**3 + 33*l**2 + l - 25. Determine m(33).
8
Let t(u) = -4*u**2 - u + 2. What is t(2)?
-16
Let b(x) = x**2 - 14*x + 6. Calculate b(14).
6
Let v(g) = 2*g + 2. Calculate v(2).
6
Let i(u) = -u**3 - 6*u**2 - 2. Give i(-5).
-27
Let m(c) = 4*c + 54. Determine m(-15).
-6
Let u(p) = p**3 + 15*p**2 - 23. Give u(-15).
-23
Let t(x) = 4*x - 15. Calculate t(6).
9
Let p(m) = 11*m - 28. Determine p(3).
5
Let a(x) = x**2 + 8*x + 8. What is a(-12)?
56
Let z(m) = -m**2 - 16*m - 37. What is z(-3)?
2
Let k(o) = -19*o + 121. What is k(7)?
-12
Let h(x) = x - 9. Calculate h(5).
-4
Let n(x) = 28*x - 55. Give n(2).
1
Let s(z) = -39*z - 237. Give s(-6).
-3
Let x(p) = 2*p**2 + 16*p + 3. Give x(-9).
21
Let j(v) = -132*v - 524. Give j(-4).
4
Let l(h) = h**3 - 10*h**2 + 4*h + 2. Give l(8).
-94
Let z(v) = 3*v + 1. What is z(3)?
10
Let a(r) = 6*r - 72. Give a(11).
-6
Let n(t) = 2*t**2 - 17*t + 17. Calculate n(4).
-19
Let a(l) = l**2 + 74. What is a(0)?
74
Let b(f) = 3*f**2 + 7*f + 4. What is b(-5)?
44
Let r(o) = -o**3 - 4*o**2 + 5*o. Determine r(-4).
-20
Let v(r) = 14*r. What is v(1)?
14
Let c(f) = -f**3 - 3*f**2 - 3*f - 3. Give c(-3).
6
Let b(m) = 2*m**2 + 4*m - 10. Calculate b(2).
6
Let r(d) = -d**2 - 5*d + 7. Give r(3).
-17
Let r(z) = -z**2 + 3*z + 4. Calculate r(-2).
-6
Let c(y) = -4*y**3 + 17*y**2 - 5*y + 4. What is c(4)?
0
Let m(a) = -99*a + 583. Give m(6).
-11
Let r(g) = g**3 - 33*g**2 - 35*g + 54. Calculate r(34).
20
Let a(u) = 78*u - 5. Determine a(2).
151
Let t(u) = -u**2 - 9*u + 36. What is t(-12)?
0
Let k(n) = n + 17. Calculate k(-14).
3
Let z(f) = f**2 - 5*f - 112. Calculate z(-9).
14
Let u(c) = c**3 - 6*c**2 - 29*c + 2. Give u(9).
-16
Let a(x) = -x**2 - 8*x - 18. Give a(-5).
-3
Let a(p) = -8*p - 9. Determine a(5).
-49
Let z(p) = 15*p - 1. Determine z(-3).
-46
Let s(m) = -m**3 + 9*m**2 - 16*m - 11. Give s(6).
1
Let z(p) = -6*p**2 - 6*p + 4. Determine z(-3).
-32
Let w(b) = b**3 - 10*b**2 + 9*b + 25. Give w(9).
25
Let i(b) = -17*b + 20. Give i(2).
-14
Let c(i) = 3*i - 46. Give c(8).
-22
Let i(b) = b**3 - 16*b**2 - b - 11. Calculate i(16).
-27
Let c(b) = -3*b**2 - 3*b - 4. What is c(3)?
-40
Let x(w) = -9*w + 48. What is x(9)?
-33
Let f(v) = 2*v**2 + 52*v + 47. What is f(-25)?
-3
Let l(b) = b**3 + 8*b**2 - 2*b + 5. Determine l(-8).
21
Let z(d) = 6*d + 26. Determine z(-8).
-22
Let r(d) = -34*d**2 - 1. Give r(1).
-35
Let s(x) = x - 12. Determine s(0).
-12
Let h(c) = 5*c**2 + 1. Give h(2).
21
Let n(q) = -q**2 + 19*q + 6. What is n(21)?
-36
Let k(f) = 4*f + 27. Determine k(0).
27
Let h(k) = -5*k + 4. Calculate h(3).
-11
Let f(q) = -q**2 + 11*q - 17. Give f(8).
7
Let k(i) = -i**3 + 7*i**2 + 11*i - 7. Give k(8).
17
Let q(t) = 3*t + 6. Calculate q(4).
18
Let i(o) = o**3 - 13*o**2 - 30*o - 27. Determine i(15).
-27
Let z(u) = 3*u - 5. Determine z(8).
19
Let m(x) = -4*x + 7. Give m(-3).
19
Let i(w) = 21*w + 7. Give i(-4).
-77
Let z(q) = -10*q**2 - 3*q + 2. Calculate z(-2).
-32
Let i(g) = g**2 + 4*g - 89. What is i(-12)?
7
Let k(c) = -c**3 - 6*c**2 - c - 14. Determine k(-6).
-8
Let f(t) = -35*t**3 + t**2 - 1. Give f(1).
-35
Let n(f) = -6*f**2 - 87*f + 29. What is n(-15)?
-16
Let j(x) = -x**2 + 27*x + 55. Determine j(29).
-3
Let k(c) = -c**2 - 11*c - 18. Calculate k(-11).
-18
Let s(m) = m + 17. Calculate s(16).
33
Let y(w) = -w**3 - 34*w**2 - 53. What is y(-34)?
-53
Let b(i) = -7*i**2 - 13*i - 38. Calculate b(-4).
-98
Let v(x) = -x**3 - 5*x**2 + x - 5. Determine v(-6).
25
Let v(h) = -h**3 + 8*h**2 - 7*h - 11. What is v(6)?
19
Let l(v) = v**2 + 15*v - 29. What is l(-17)?
5
Let d(z) = -3*z**2 + 7*z + 18. What is d(-2)?
-8
Let y(d) = 2*d**2 - 3*d - 23. Give y(0).
-23
Let s(g) = -2*g**2 + 5*g - 2. Calculate s(0).
-2
Let o(h) = -2*h - 32. Calculate o(-11).
-10
Let o(v) = 22*v - 68. Determine o(7).
86
Let n(z) = -z**2 + 16*z - 25. What is n(15)?
-10
Let l(j) = -j**2 - 13*j - 38. Give l(-9).
-2
Let a(d) = d - 49. Give a(32).
-17
Let l(r) = -r**3 - 9*r**2 - 8*r - 2. What is l(-6)?
-62
Let a(i) = i**3 - 3*i**2 - 3*i + 8. Calculate a(4).
12
Let b(s) = -2*s**2 + 6*s - 7. Give b(7).
-63
Let w(b) = -b**3 - 11*b**2 - 14*b - 12. Determine w(-10).
28
Let c(l) = 3*l**3 + 14*l**2 + 9*l + 13. Determine c(-4).
9
Let y(m) = m + 13. Determine y(-12).
1
Let n(i) = i**3 - 18*i**2 + 16*i + 23. What is n(17)?
6
Let z(n) = -7*n**2 - 4*n - 9. Determine z(-4).
-105
Let d(v) = v**3 - 13*v**2 + 9*v + 6. Give d(12).
-30
Let o(c) = -10*c**2 - 4*c. Calculate o(-3).
-78
Let m(t) = -t**3 + 6*t**2 - 5*t - 2. What is m(5)?
-2
Let d(k) = -18*k + 258. Give d(14).
6
Let v(u) = -u**3 + 12*u**2 - 11*u - 10. Give v(11).
-10
Let r(u) = -u**3 - 37*u**2 + 25*u + 927. What is r(-37)?
2
Let a(s) = -s**3 + 4*s**2 + 12*s. What is a(5)?
35
Let s(r) = r**3 - 4*r**2 + 3*r - 1. Give s(2).
-3
Let a(s) = 72*s + 1149. What is a(-16)?
-3
Let y(h) = -2*h**3 - 4*h**2 - 4*h - 6. What is y(-3)?
24
Let v(t) = -t**3 + 8*t**2 - 9*t + 10. Give v(7).
-4
Let c(o) = -o**2 - 21*o - 28. Determine c(-19).
10
Let w(z) = -27*z + 3. Give w(2).
-51
Let k(y) = y + 21. What is k(-23)?
-2
Let f(p) = -18*p**3 - p**2 + p. Determine f(1).
-18
Let b(j) = j. Give b(-9).
-9
Let u(b) = b**2 + 3*b + 11. Calculate u(-5).
21
Let y(k) = 2*k - 9. Calculate y(7).
5
Let h(p) = -p**2 - 19*p - 25. Determine h(-18).
-7
Let q(t) = -t**3 - 16*t**2 - 14*t + 13. What is q(-15)?
-2
Let g(f) = -f**3 + 5*f**2 - 3*f. Calculate g(3).
9
Let l(t) = -5*t - 12. Determine l(-8).
28
Let l(h) = -2*h**2 + 47*h + 349. Give l(-6).
-5
Let b(a) = -a**3 + 19*a**2 - 18*a + 14. Determine b(18).
14
Let k(q) = -q**2 + 30. Give k(-5).
5
Let h(g) = 7*g - 27. Determine h(4).
1
Let t(q) = -8*q**3 + 4*q - 5. Calculate t(2).
-61
Let a(w) = -9*w**3 + w**2 + 2*w. Give a(-1).
8
Let l(g) = 4*g - 13. Give l(6).
11
Let h(q) = 67*q - 526. Determine h(8).
10
Let f(l) = -l**3 - 8*l**2 + 4*l - 11. Determine f(-8).
-43
Let f(s) = -s**3 - 12*s**2 + 14*s - 10. Give f(-13).
-23
Let q(j) = 5*j + 14. Determine q(-6).
-16
Let b(m) = 17*m - 1. Give b(1).
16
Let k(v) = -v**2 + 12*v + 10. Calculate k(13).
-3
Let i(l) = l**3 + 10*l**2 + 9*l + 4. Calculate i(-8).
60
Let g(d) = d + 23. Calculate g(-20).
3
Let k(x) = 10*x**2 + 2. What is k(-1)?
12
Let n(t) = 4*t + 5. What is n(-3)?
-7
Let r(s) = -s**3 + 5*s**2 + 2*s - 10. Give r(5).
0
Let w(x) = 13*x**2 - 960*x - 143. Give w(74).
5
Let i(c) = c**3 + 37*c**2 - 82*c - 160. What is i(-39)?
-4
Let x(h) = 18*h + 64. Give x(-4).
-8
Let w(x) = x**3 - 7*x**2 - x + 8. Give w(7).
1
Let i(p) = -p**3 - 33*p**2 - 63*p - 23. Determine i(-31).
8
Let j(m) = m**2 - 20*m + 28. Give j(17).
-23
Let r(o) = -59*o + 406. Calculate r(7).
-7
Let l(x) = 6*x + 39. Determine l(-6)